git of 8359?
5
What is the units digit of 2014?
4
What is the tens digit of 793?
9
What is the thousands digit of 1200?
1
What is the units digit of 5546?
6
What is the units digit of 1415?
5
What is the units digit of 70571?
1
What is the units digit of 14116?
6
What is the hundreds digit of 31092?
0
What is the thousands digit of 8031?
8
What is the tens digit of 90?
9
What is the thousands digit of 7641?
7
What is the units digit of 15499?
9
What is the hundreds digit of 2223?
2
What is the tens digit of 228?
2
What is the hundreds digit of 64689?
6
What is the hundreds digit of 9197?
1
What is the ten thousands digit of 49570?
4
What is the thousands digit of 2454?
2
What is the tens digit of 1773?
7
What is the units digit of 79905?
5
What is the units digit of 2921?
1
What is the tens digit of 330?
3
What is the units digit of 1817?
7
What is the units digit of 920?
0
What is the tens digit of 802?
0
What is the units digit of 827?
7
What is the tens digit of 14?
1
What is the tens digit of 2759?
5
What is the thousands digit of 20310?
0
What is the tens digit of 882?
8
What is the units digit of 14304?
4
What is the thousands digit of 9549?
9
What is the hundreds digit of 1363?
3
What is the units digit of 726?
6
What is the hundreds digit of 826?
8
What is the tens digit of 797?
9
What is the hundreds digit of 1732?
7
What is the tens digit of 1339?
3
What is the tens digit of 1121?
2
What is the thousands digit of 9752?
9
What is the units digit of 896?
6
What is the tens digit of 5043?
4
What is the thousands digit of 153157?
3
What is the tens digit of 1127?
2
What is the thousands digit of 25588?
5
What is the units digit of 150?
0
What is the tens digit of 77002?
0
What is the hundreds digit of 5919?
9
What is the tens digit of 2491?
9
What is the tens digit of 263?
6
What is the tens digit of 51471?
7
What is the tens digit of 2790?
9
What is the units digit of 1023?
3
What is the thousands digit of 18410?
8
What is the hundreds digit of 8016?
0
What is the tens digit of 3410?
1
What is the units digit of 2802?
2
What is the tens digit of 9062?
6
What is the thousands digit of 2592?
2
What is the tens digit of 15469?
6
What is the units digit of 102?
2
What is the units digit of 7444?
4
What is the units digit of 66?
6
What is the units digit of 696?
6
What is the hundreds digit of 4775?
7
What is the ten thousands digit of 37475?
3
What is the tens digit of 1138?
3
What is the units digit of 15467?
7
What is the hundreds digit of 33455?
4
What is the hundreds digit of 20811?
8
What is the hundreds digit of 2232?
2
What is the tens digit of 33?
3
What is the units digit of 90152?
2
What is the hundreds digit of 1864?
8
What is the tens digit of 41185?
8
What is the units digit of 6742?
2
What is the hundreds digit of 986?
9
What is the tens digit of 702?
0
What is the thousands digit of 14135?
4
What is the tens digit of 4330?
3
What is the thousands digit of 20835?
0
What is the tens digit of 344?
4
What is the tens digit of 1831?
3
What is the units digit of 5656?
6
What is the tens digit of 19797?
9
What is the units digit of 13429?
9
What is the ten thousands digit of 46958?
4
What is the hundreds digit of 5282?
2
What is the ten thousands digit of 13612?
1
What is the hundreds digit of 4503?
5
What is the units digit of 12695?
5
What is the units digit of 19189?
9
What is the hundred thousands digit of 124508?
1
What is the hundred thousands digit of 101999?
1
What is the ten thousands digit of 47194?
4
What is the thousands digit of 2754?
2
What is the ten thousands digit of 47611?
4
What is the hundreds digit of 649?
6
What is the tens digit of 423?
2
What is the units digit of 32809?
9
What is the units digit of 2516?
6
What is the tens digit of 2084?
8
What is the tens digit of 1128?
2
What is the thousands digit of 3512?
3
What is the hundreds digit of 1328?
3
What is the hundreds digit of 217?
2
What is the hundreds digit of 5818?
8
What is the tens digit of 695?
9
What is the tens digit of 1176?
7
What is the hundreds digit of 2317?
3
What is the units digit of 46943?
3
What is the hundreds digit of 29522?
5
What is the ten thousands digit of 25344?
2
What is the hundreds digit of 16968?
9
What is the tens digit of 353?
5
What is the units digit of 12398?
8
What is the thousands digit of 1727?
1
What is the units digit of 2204?
4
What is the tens digit of 7629?
2
What is the tens digit of 28606?
0
What is the thousands digit of 1217?
1
What is the tens digit of 891?
9
What is the units digit of 678?
8
What is the thousands digit of 3197?
3
What is the units digit of 74275?
5
What is the units digit of 24712?
2
What is the units digit of 469?
9
What is the tens digit of 2194?
9
What is the tens digit of 9043?
4
What is the hundreds digit of 1854?
8
What is the hundreds digit of 1593?
5
What is the tens digit of 264?
6
What is the units digit of 1078?
8
What is the units digit of 546?
6
What is the tens digit of 1579?
7
What is the thousands digit of 1642?
1
What is the tens digit of 959?
5
What is the thousands digit of 6719?
6
What is the thousands digit of 2619?
2
What is the tens digit of 814?
1
What is the units digit of 465?
5
What is the tens digit of 2458?
5
What is the units digit of 18073?
3
What is the hundreds digit of 53703?
7
What is the thousands digit of 3747?
3
What is the units digit of 5448?
8
What is the units digit of 29837?
7
What is the thousands digit of 33118?
3
What is the thousands digit of 56103?
6
What is the units digit of 702?
2
What is the thousands digit of 5640?
5
What is the thousands digit of 15873?
5
What is the tens digit of 4603?
0
What is the hundreds digit of 3657?
6
What is the hundreds digit of 2379?
3
What is the ten thousands digit of 50686?
5
What is the units digit of 131492?
2
What is the tens digit of 702?
0
What is the tens digit of 16229?
2
What is the thousands digit of 39321?
9
What is the hundreds digit of 942?
9
What is the hundreds digit of 7936?
9
What is the units digit of 67782?
2
What is the units digit of 9450?
0
What is the hundreds digit of 1646?
6
What is the tens digit of 1307?
0
What is the hundreds digit of 7357?
3
What is the units digit of 1616?
6
What is the thousands digit of 5158?
5
What is the tens digit of 82910?
1
What is the ten thousands digit of 26836?
2
What is the units digit of 34?
4
What is the hundreds digit of 539?
5
What is the tens digit of 12738?
3
What is the thousands digit of 1530?
1
What is the tens digit of 20090?
9
What is the tens digit of 32?
3
What is the units digit of 151825?
5
What is the hundreds digit of 2767?
7
What is the thousands digit of 2024?
2
What is the hundreds digit of 26452?
4
What is the thousands digit of 7578?
7
What is the units digit of 1483?
3
What is the thousands digit of 7859?
7
What is the tens digit of 603?
0
What is the hundreds digit of 5463?
4
What is the tens digit of 30?
3
What is the hundreds digit of 105400?
4
What is the thousands digit of 4815?
4
What is the hundreds digit of 622?
6
What is the units digit of 2762?
2
What is the thousands digit of 19939?
9
What is the ten thousands digit of 41058?
4
What is the units digit of 3021?
1
What is the units digit of 17948?
8
What is the hundreds digit of 4796?
7
What is the thousands digit of 48936?
8
What is the hundreds digit of 1355?
3
What is the tens digit of 3080?
8
What is the hundreds digit of 189240?
2
What is the units digit of 1342?
2
What is the tens digit of 18108?
0
What is the hundreds digit of 75414?
4
What is the thousands digit of 31195?
1
What is the hundreds digit of 8738?
7
What is the hundreds digit of 2397?
3
What is the units digit of 174?
4
What is the tens digit of 41314?
1
What is the units digit of 42686?
6
What is the tens digit of 336?
3
What is the thousands digit of 5153?
5
What is the hundreds digit of 47623?
6
What is the units digit of 1170?
0
What is the units digit of 3305?
5
What is the thousands digit of 8696?
8
What is the tens digit of 1383?
8
What is the units digit of 8654?
4
What is the units digit of 38951?
1
What is the units digit of 1527?
7
What is the units digit of 4425?
5
What is the units digit of 2800?
0
What is the tens digit of 24086?
8
What is the hundreds digit of 2614?
6
What is the 